te the remainder when 3 - (-3 - (90 + -3)) is divided by 32.
29
Let v = -80 + 87. What is the remainder when 7 is divided by v?
0
Let c(p) = -p**2 - 6*p - 6. Suppose -2*t + 2*a + 2*a = 0, -5*a - 3 = -4*t. What is the remainder when t is divided by c(-4)?
0
Let i = 78 + -49. What is the remainder when 55 is divided by i?
26
Suppose 0 = -2*x - x - 3, -4*x = a + 2. Let k be -2*5/((-10)/4). Let z = k - 2. Calculate the remainder when z is divided by a.
0
Suppose -583 = -4*w - 199. Calculate the remainder when w is divided by 14.
12
Suppose n - 2*n - 4 = 0. What is the remainder when 18 is divided by n + (-52)/(-4) + -4?
3
Let h(q) = q**3 + 6*q**2 - q + 2. Suppose -2*r = 2*f + 6, -5*f - 24 = -5*r + 21. Calculate the remainder when h(f) is divided by 5.
3
Let a = 59 - 18. Calculate the remainder when 122 is divided by a.
40
Suppose 5*m - 14 = 4*c, -5*c - m - 15 = -6*m. Let v be (220/8)/(c/(-4)). Suppose -2*k = -7*k + v. What is the remainder when 42 is divided by k?
20
Suppose -7*g + 770 = -189. What is the remainder when g is divided by 20?
17
Calculate the remainder when 64 is divided by 0 + 0 + 1 + 32.
31
Let z be (-10)/35 + 86/7. Suppose f - z = -f. What is the remainder when 17 is divided by f?
5
Let c = 2 + -1. Suppose -c = -5*d + 4*d. Suppose 8 = 3*i + 5. What is the remainder when d is divided by i?
0
Let o = 29 + -19. Let u = 21 - o. Suppose 5*j - 112 = 4*z - 0*z, -2*j = 2*z - 34. What is the remainder when j is divided by u?
9
Let a(d) = 8*d**3 - 2*d + 1. Let g = 8 + -7. Calculate the remainder when 19 is divided by a(g).
5
Suppose -3*s - 60 = 3*h, h + s = -h - 40. Let v = 66 - 97. Let t = h - v. What is the remainder when 32 is divided by t?
10
Let g(j) = j - 6. Let n be g(6). Let s(d) = -4*d - 5. Let p(m) = m - 1. Let w(b) = -3*p(b) - s(b). Calculate the remainder when 15 is divided by w(n).
7
Let a be 145/45 + (-2)/9. Suppose -2*f = -a*f + 10. What is the remainder when 17 is divided by f?
7
Let x(g) = 2*g - 6. Suppose 5*u - 14 = 3*u. What is the remainder when x(u) is divided by 3?
2
Suppose -7*t - 61 = -8*t. Calculate the remainder when t is divided by 32.
29
Let u(h) = -h - 4. Suppose n + 25 = 2. Let v = -16 - n. What is the remainder when v is divided by u(-8)?
3
Let o = -7 + 4. Let m = 4 - o. Calculate the remainder when m is divided by 4.
3
Let p = -17 + 23. What is the remainder when 33 is divided by p?
3
Let u = 40 - 16. Let q = 26 + -13. Calculate the remainder when u is divided by q.
11
Let j(o) = o**3 + 9. Calculate the remainder when j(0) is divided by 6.
3
Suppose p = 4*t - 4*p - 26, 3*t - 19 = 4*p. Let j(g) = g - 6. Let r(u) = 2*u**2 - 6*u. Calculate the remainder when r(4) is divided by j(t).
2
Let r be 13 - ((-6)/(-3))/2. Let w = -5 + r. Calculate the remainder when w is divided by 2.
1
What is the remainder when 38 + (-6)/3 + 0 is divided by 8?
4
Let z = 89 - 86. Calculate the remainder when 11 is divided by z.
2
Let f be ((-3 - -3) + -20)*-1. Let o be f/(-4) + (-6)/(-2). Calculate the remainder when 18/4 + o/4 is divided by 3.
1
Suppose -342 = -6*p + 384. What is the remainder when p is divided by 31?
28
Let g(u) = 12*u**3 + u**2 + u - 1. Let c = -83 + 107. What is the remainder when c is divided by g(1)?
11
Calculate the remainder when (-6)/(-9)*153 + 1 + -3 is divided by 18.
10
Let b = -38 + 75. Suppose 12 - 2 = -5*k, 2*o - k - 2930 = 0. Calculate the remainder when b is divided by o/144 - (-1)/(-6).
7
Let x(a) = 7*a**2 + 8*a. Calculate the remainder when x(-3) is divided by 15.
9
Let l = -37 + 57. Calculate the remainder when 74 is divided by l.
14
What is the remainder when 121/2 - 12/8 is divided by 21?
17
Let t(x) = 3*x**2 + x - 1. Let z be t(2). Let w = 14 - z. Calculate the remainder when 2 is divided by w.
0
Let l = -19 + 20. Suppose 5 - 1 = 2*y. Let h = y + l. What is the remainder when 5 is divided by h?
2
Let t(z) = z**2 + 6*z + 5. What is the remainder when 9 is divided by t(-6)?
4
Suppose 7*u - 20 = 3*u. Suppose 0 = -u*n - 2*o - 0 + 17, 4*n + 4*o - 4 = 0. Suppose -n*i + 250 = -0*i. Calculate the remainder when i is divided by 17.
16
Suppose b = 5*b - 16. Suppose b*c = 0, 2*u - 5*c - 23 = u. Calculate the remainder when 45 is divided by u.
22
Let h = -2 + 0. Let l = 1 - h. Suppose -2*r - 4*a = -2, r = 4*r + 2*a - 15. Calculate the remainder when r is divided by l.
1
Suppose -2*w + 43 = w + 5*b, -4*w + 3*b = -96. Let c(p) = 2*p + 2. What is the remainder when w is divided by c(2)?
3
Let g(k) = k**2 - 7*k - 1. Let m = -18 - -44. What is the remainder when m is divided by g(8)?
5
Suppose 4*k = -4*c, 5*c + k - 3*k - 14 = 0. Calculate the remainder when ((-1)/2)/(1/(-4)) is divided by c.
0
Suppose 0 = x - 4*x + 6. Suppose 0 = -3*m - x*m + 10. What is the remainder when 2 is divided by m?
0
Suppose t = 2*t - 7. Suppose -o = -16 - t. What is the remainder when -1 - (-44 - 0 - 1) is divided by o?
21
Suppose 3*w = -5*x + 41, -6*w + 15 = -w - 5*x. What is the remainder when 20 is divided by w?
6
Suppose 0 = 2*z + 3*z. Suppose z*y - 6 = -3*y. Suppose -68 = y*j - 6*j. What is the remainder when j is divided by 6?
5
Suppose 24 = -3*r + 5*r. Let y(u) = u. Calculate the remainder when 71 is divided by y(r).
11
Let t(i) = -i + 2. Suppose 2*y - n - 2*n - 10 = 0, y = n + 6. Suppose -3*m + 10 = -y*m. Calculate the remainder when t(m) is divided by 2.
0
Let s = -11 - -13. Suppose 4 + 16 = s*z. Suppose 3*m = 4*m - 3. Calculate the remainder when z is divided by m.
1
Calculate the remainder when 51 is divided by 6/9 + 380/15.
25
Suppose 3*r - 14 = 2*h, 6*r - 2*r = -2*h. Suppose 14 + 38 = r*m - 3*v, m = -3*v + 17. Calculate the remainder when m is divided by 8.
7
Let g = 1 - 9. What is the remainder when (-2)/g - (-621)/12 is divided by 18?
16
Let v(j) = 25*j**2 + j - 4. Calculate the remainder when v(-2) is divided by 12.
10
Suppose b + m = 2, -4*b + 1 = -3*m - 14. Suppose -2*f + 21 = -3*c, 6*c - 2*c + 12 = 0. What is the remainder when f is divided by b?
0
Suppose 0*w + w - f + 1 = 0, -4*w - 1 = -f. Let o be 34/10 - (-12)/(-30). Suppose o*s = -4*a + 21 - 3, -3*a = w. Calculate the remainder when s is divided by 4.
2
Suppose 3*x = 8 + 154. Calculate the remainder when x is divided by 10.
4
Let f = 6 + 15. What is the remainder when 59 is divided by f?
17
What is the remainder when 45/3 - 2 - -3 is divided by (27/(-6))/((-2)/4)?
7
Let a(f) = 2*f**2 - 4*f. Let i be a(3). Let s(u) = -u**3 + 7*u**2 - 6*u + 7. Let o(k) = k**2 - 4. Calculate the remainder when o(4) is divided by s(i).
5
Suppose 2*p - 138 = -4*u, 2*u - 7*u - p + 177 = 0. Calculate the remainder when u is divided by 19.
17
Suppose 5*o = 2*o + 18. Let h(m) = -m + 6. Let u be h(o). Suppose u = 6*i - 2*i - 88. What is the remainder when i is divided by 8?
6
Let x(r) = -r**2 + r + 1. Let l(c) = 6*c**2 - 5*c - 2. Let t(f) = l(f) + 5*x(f). Let y = 28 - 28. What is the remainder when 5 is divided by t(y)?
2
Let p(h) be the first derivative of 8*h**3/3 + h**2 + h - 7. Calculate the remainder when p(-1) is divided by 4.
3
Suppose 0*n - 4*r + 224 = n, -4*n + 896 = -r. What is the remainder when 27 is divided by 4/6 + n/24?
7
Let j = -6 + 11. Suppose -4*v - 1 + 5 = 2*t, -j*v + 11 = t. Suppose -1 - 14 = -v*n. Calculate the remainder when 12 is divided by n.
2
Let g(z) = 2*z - 4. Let w(f) = -2*f - 3. Let u be w(-5). What is the remainder when 19 is divided by g(u)?
9
Suppose -2*r = 3*t + r - 24, 5*r = 5*t - 80. Calculate the remainder when t is divided by 7.
5
Let v be (0 - 1)*(-2 + 0). Let o(x) = 5*x**2 - 2*x - 2. What is the remainder when o(v) is divided by 4/(-6) + 17/3?
4
Suppose 2 + 8 = -5*n. Let j = 1 - n. Suppose 0*b - j*b = -66. Calculate the remainder when b is divided by 8.
6
Let g = 1 - -2. What is the remainder when 10 is divided by g?
1
Let a = 11 - 7. Suppose 2 = 3*u - a. Calculate the remainder when u is divided by 16/10 + 2/5.
0
Suppose p - 5 = 0, -3*d - p + 0*p + 59 = 0. Calculate the remainder when (2 - (d + -3))/(-1) is divided by 8.
5
Suppose -7 = -3*z + 32. Suppose -l - z = -2*q + 34, 2*l = 6. What is the remainder when q is divided by 7?
4
Calculate the remainder when 51 is divided by (-4)/((-76)/(-28) + -3 + 0).
9
Suppose j - 3*j + 98 = 0. Calculate the remainder when j is divided by 26.
23
Suppose 5*g - 15 = -5. Suppose 6*t = g*t + 76. Calculate the re